{"id":1246,"date":"2024-07-02T16:36:31","date_gmt":"2024-07-02T16:36:31","guid":{"rendered":"https:\/\/apraia.pt\/?page_id=1246"},"modified":"2024-07-02T16:44:13","modified_gmt":"2024-07-02T16:44:13","slug":"parque-reservation-confirmation","status":"publish","type":"page","link":"https:\/\/apraia.pt\/en\/parque-reservation-confirmation\/","title":{"rendered":"Parque Reservation confirmation"},"content":{"rendered":"<!--\n Title: Logo\n-->\n\n    <section class=\"oc-logo\">\n        <!--\n Title: Container\n Mode: preview\n SupportsJSX: true\n-->\n\n\n<div class=\"oc-container\">\n    <div class=\"oc-logo__wrapper\">\n                            <\/div>\n<\/div>\n    <\/section>\n\n\n<!--\n Title: Container\n Mode: preview\n SupportsJSX: true\n-->\n\n\n<div class=\"oc-container\">\n    \n\n<div style=\"height:45px\" aria-hidden=\"true\" class=\"wp-block-spacer\"><\/div>\n\n\n\n<p><strong>OBRIGADO PELA SUA RESERVA<\/strong><\/p>\n\n\n\n<p><strong><br><\/strong>Relembramos que a nossa toler\u00e2ncia \u00e9 de 15 min e que a mesma se aplica a todos os elementos da reserva.<\/p>\n\n\n\n<p>A perman\u00eancia na mesa \u00e9 de 2h ap\u00f3s a hora marcada e n\u00e3o asseguramos a perman\u00eancia no espa\u00e7o ap\u00f3s a refei\u00e7\u00e3o.<\/p>\n\n\n\n<p>&#8211;<\/p>\n\n\n\n<p><em>THANK YOU FOR YOUR RESERVATION<\/em><\/p>\n\n\n\n<p>We remind you of our 15 minutes policy which applies to all members of the party.<\/p>\n\n\n\n<p>The table reservation is for 2 hours from the booked time, and we cannot guarantee the stay at the venue after your meal.<\/p>\n\n\n\n<div style=\"height:19px\" aria-hidden=\"true\" class=\"wp-block-spacer\"><\/div>\n\n\n\n<p><strong>DRESS CODE<\/strong><\/p>\n\n\n\n<p>Smart casual.<\/p>\n\n\n\n<p>N\u00e3o \u00e9 permitido o uso de roupa desportiva ou roupa de praia. Manga cava, bon\u00e9s, capuz. Cal\u00e7as ou cal\u00e7\u00f5es rasgados.<\/p>\n\n\n\n<p>&#8211;<\/p>\n\n\n\n<p><em>DRESS CODE<\/em><\/p>\n\n\n\n<p>Smart casual.<\/p>\n\n\n\n<p>The use of sportswear or beachwear, such as sleeveless shirts, caps, hoods, trousers or ripped shorts, is not permitted.<\/p>\n\n\n\n<p><strong>Se pretender alterar algum detalhe da sua reserva, por favor contacte-nos<\/strong><\/p>\n\n\n\n<p><strong><a href=\"tel:351968842888\">+351 968 842 888<\/a><\/strong><\/p>\n\n\n\n<p><em>If you would like to change any details of your reservation, please call<\/em><\/p>\n\n\n\n<p><em><a href=\"tel:351968842888\">+351 968 842 888<\/a><\/em><\/p>\n\n\n\n<p>&#8211;<\/p>\n\n\n\n<p>Obrigada<\/p>\n\n\n\n<p><em>Thank You<\/em><\/p>\n\n\n\n<p>Praia no Parque<\/p>\n\n\n\n<div style=\"height:16px\" aria-hidden=\"true\" class=\"wp-block-spacer\"><\/div>\n\n\n<\/div>\n","protected":false},"excerpt":{"rendered":"","protected":false},"author":1,"featured_media":0,"parent":0,"menu_order":0,"comment_status":"closed","ping_status":"closed","template":"","meta":{"_acf_changed":false,"inline_featured_image":false,"footnotes":""},"class_list":["post-1246","page","type-page","status-publish","hentry"],"acf":[],"yoast_head":"<!-- This site is optimized with the Yoast SEO plugin v27.5 - https:\/\/yoast.com\/product\/yoast-seo-wordpress\/ -->\n<title>Parque Reservation confirmation - Grupo Praia<\/title>\n<meta name=\"robots\" content=\"index, follow, max-snippet:-1, max-image-preview:large, max-video-preview:-1\" \/>\n<link rel=\"canonical\" href=\"https:\/\/apraia.pt\/en\/parque-reservation-confirmation\/\" \/>\n<meta property=\"og:locale\" content=\"en_US\" \/>\n<meta property=\"og:type\" content=\"article\" \/>\n<meta property=\"og:title\" content=\"Parque Reservation confirmation - Grupo Praia\" \/>\n<meta property=\"og:url\" content=\"https:\/\/apraia.pt\/en\/parque-reservation-confirmation\/\" \/>\n<meta property=\"og:site_name\" content=\"Grupo Praia\" \/>\n<meta property=\"article:modified_time\" content=\"2024-07-02T16:44:13+00:00\" \/>\n<meta name=\"twitter:card\" content=\"summary_large_image\" \/>\n<meta name=\"twitter:label1\" content=\"Est. reading time\" \/>\n\t<meta name=\"twitter:data1\" content=\"1 minute\" \/>\n<script type=\"application\/ld+json\" class=\"yoast-schema-graph\">{\"@context\":\"https:\\\/\\\/schema.org\",\"@graph\":[{\"@type\":\"WebPage\",\"@id\":\"https:\\\/\\\/apraia.pt\\\/en\\\/parque-reservation-confirmation\\\/\",\"url\":\"https:\\\/\\\/apraia.pt\\\/en\\\/parque-reservation-confirmation\\\/\",\"name\":\"Parque Reservation confirmation - Grupo Praia\",\"isPartOf\":{\"@id\":\"https:\\\/\\\/apraia.pt\\\/en\\\/#website\"},\"datePublished\":\"2024-07-02T16:36:31+00:00\",\"dateModified\":\"2024-07-02T16:44:13+00:00\",\"breadcrumb\":{\"@id\":\"https:\\\/\\\/apraia.pt\\\/en\\\/parque-reservation-confirmation\\\/#breadcrumb\"},\"inLanguage\":\"en-US\",\"potentialAction\":[{\"@type\":\"ReadAction\",\"target\":[\"https:\\\/\\\/apraia.pt\\\/en\\\/parque-reservation-confirmation\\\/\"]}]},{\"@type\":\"BreadcrumbList\",\"@id\":\"https:\\\/\\\/apraia.pt\\\/en\\\/parque-reservation-confirmation\\\/#breadcrumb\",\"itemListElement\":[{\"@type\":\"ListItem\",\"position\":1,\"name\":\"In\u00edcio\",\"item\":\"https:\\\/\\\/apraia.pt\\\/en\\\/\"},{\"@type\":\"ListItem\",\"position\":2,\"name\":\"Parque Reservation confirmation\"}]},{\"@type\":\"WebSite\",\"@id\":\"https:\\\/\\\/apraia.pt\\\/en\\\/#website\",\"url\":\"https:\\\/\\\/apraia.pt\\\/en\\\/\",\"name\":\"Grupo Praia\",\"description\":\"\",\"publisher\":{\"@id\":\"https:\\\/\\\/apraia.pt\\\/en\\\/#organization\"},\"potentialAction\":[{\"@type\":\"SearchAction\",\"target\":{\"@type\":\"EntryPoint\",\"urlTemplate\":\"https:\\\/\\\/apraia.pt\\\/en\\\/?s={search_term_string}\"},\"query-input\":{\"@type\":\"PropertyValueSpecification\",\"valueRequired\":true,\"valueName\":\"search_term_string\"}}],\"inLanguage\":\"en-US\"},{\"@type\":\"Organization\",\"@id\":\"https:\\\/\\\/apraia.pt\\\/en\\\/#organization\",\"name\":\"Grupo Praia\",\"url\":\"https:\\\/\\\/apraia.pt\\\/en\\\/\",\"logo\":{\"@type\":\"ImageObject\",\"inLanguage\":\"en-US\",\"@id\":\"https:\\\/\\\/apraia.pt\\\/en\\\/#\\\/schema\\\/logo\\\/image\\\/\",\"url\":\"https:\\\/\\\/apraia.pt\\\/wp-content\\\/uploads\\\/2025\\\/02\\\/Frame-484.svg\",\"contentUrl\":\"https:\\\/\\\/apraia.pt\\\/wp-content\\\/uploads\\\/2025\\\/02\\\/Frame-484.svg\",\"width\":202,\"height\":181,\"caption\":\"Grupo Praia\"},\"image\":{\"@id\":\"https:\\\/\\\/apraia.pt\\\/en\\\/#\\\/schema\\\/logo\\\/image\\\/\"},\"sameAs\":[\"https:\\\/\\\/www.instagram.com\\\/praianoparque\\\/\"]}]}<\/script>\n<!-- \/ Yoast SEO plugin. -->","yoast_head_json":{"title":"Parque Reservation confirmation - Grupo Praia","robots":{"index":"index","follow":"follow","max-snippet":"max-snippet:-1","max-image-preview":"max-image-preview:large","max-video-preview":"max-video-preview:-1"},"canonical":"https:\/\/apraia.pt\/en\/parque-reservation-confirmation\/","og_locale":"en_US","og_type":"article","og_title":"Parque Reservation confirmation - Grupo Praia","og_url":"https:\/\/apraia.pt\/en\/parque-reservation-confirmation\/","og_site_name":"Grupo Praia","article_modified_time":"2024-07-02T16:44:13+00:00","twitter_card":"summary_large_image","twitter_misc":{"Est. reading time":"1 minute"},"schema":{"@context":"https:\/\/schema.org","@graph":[{"@type":"WebPage","@id":"https:\/\/apraia.pt\/en\/parque-reservation-confirmation\/","url":"https:\/\/apraia.pt\/en\/parque-reservation-confirmation\/","name":"Parque Reservation confirmation - Grupo Praia","isPartOf":{"@id":"https:\/\/apraia.pt\/en\/#website"},"datePublished":"2024-07-02T16:36:31+00:00","dateModified":"2024-07-02T16:44:13+00:00","breadcrumb":{"@id":"https:\/\/apraia.pt\/en\/parque-reservation-confirmation\/#breadcrumb"},"inLanguage":"en-US","potentialAction":[{"@type":"ReadAction","target":["https:\/\/apraia.pt\/en\/parque-reservation-confirmation\/"]}]},{"@type":"BreadcrumbList","@id":"https:\/\/apraia.pt\/en\/parque-reservation-confirmation\/#breadcrumb","itemListElement":[{"@type":"ListItem","position":1,"name":"In\u00edcio","item":"https:\/\/apraia.pt\/en\/"},{"@type":"ListItem","position":2,"name":"Parque Reservation confirmation"}]},{"@type":"WebSite","@id":"https:\/\/apraia.pt\/en\/#website","url":"https:\/\/apraia.pt\/en\/","name":"Grupo Praia","description":"","publisher":{"@id":"https:\/\/apraia.pt\/en\/#organization"},"potentialAction":[{"@type":"SearchAction","target":{"@type":"EntryPoint","urlTemplate":"https:\/\/apraia.pt\/en\/?s={search_term_string}"},"query-input":{"@type":"PropertyValueSpecification","valueRequired":true,"valueName":"search_term_string"}}],"inLanguage":"en-US"},{"@type":"Organization","@id":"https:\/\/apraia.pt\/en\/#organization","name":"Grupo Praia","url":"https:\/\/apraia.pt\/en\/","logo":{"@type":"ImageObject","inLanguage":"en-US","@id":"https:\/\/apraia.pt\/en\/#\/schema\/logo\/image\/","url":"https:\/\/apraia.pt\/wp-content\/uploads\/2025\/02\/Frame-484.svg","contentUrl":"https:\/\/apraia.pt\/wp-content\/uploads\/2025\/02\/Frame-484.svg","width":202,"height":181,"caption":"Grupo Praia"},"image":{"@id":"https:\/\/apraia.pt\/en\/#\/schema\/logo\/image\/"},"sameAs":["https:\/\/www.instagram.com\/praianoparque\/"]}]}},"_links":{"self":[{"href":"https:\/\/apraia.pt\/en\/wp-json\/wp\/v2\/pages\/1246","targetHints":{"allow":["GET"]}}],"collection":[{"href":"https:\/\/apraia.pt\/en\/wp-json\/wp\/v2\/pages"}],"about":[{"href":"https:\/\/apraia.pt\/en\/wp-json\/wp\/v2\/types\/page"}],"author":[{"embeddable":true,"href":"https:\/\/apraia.pt\/en\/wp-json\/wp\/v2\/users\/1"}],"replies":[{"embeddable":true,"href":"https:\/\/apraia.pt\/en\/wp-json\/wp\/v2\/comments?post=1246"}],"version-history":[{"count":19,"href":"https:\/\/apraia.pt\/en\/wp-json\/wp\/v2\/pages\/1246\/revisions"}],"predecessor-version":[{"id":1275,"href":"https:\/\/apraia.pt\/en\/wp-json\/wp\/v2\/pages\/1246\/revisions\/1275"}],"wp:attachment":[{"href":"https:\/\/apraia.pt\/en\/wp-json\/wp\/v2\/media?parent=1246"}],"curies":[{"name":"wp","href":"https:\/\/api.w.org\/{rel}","templated":true}]}}

<!--
 Title: Logo
-->

    <section class="oc-logo">
        <!--
 Title: Container
 Mode: preview
 SupportsJSX: true
-->


<div class="oc-container">
    <div class="oc-logo__wrapper">
                            </div>
</div>
    </section>


<!--
 Title: Container
 Mode: preview
 SupportsJSX: true
-->


<div class="oc-container">
    

<div style="height:45px" aria-hidden="true" class="wp-block-spacer"></div>



<p><strong>OBRIGADO PELA SUA RESERVA</strong></p>



<p><strong><br></strong>Relembramos que a nossa tolerância é de 15 min e que a mesma se aplica a todos os elementos da reserva.</p>



<p>A permanência na mesa é de 2h após a hora marcada e não asseguramos a permanência no espaço após a refeição.</p>



<p>&#8211;</p>



<p><em>THANK YOU FOR YOUR RESERVATION</em></p>



<p>We remind you of our 15 minutes policy which applies to all members of the party.</p>



<p>The table reservation is for 2 hours from the booked time, and we cannot guarantee the stay at the venue after your meal.</p>



<div style="height:19px" aria-hidden="true" class="wp-block-spacer"></div>



<p><strong>DRESS CODE</strong></p>



<p>Smart casual.</p>



<p>Não é permitido o uso de roupa desportiva ou roupa de praia. Manga cava, bonés, capuz. Calças ou calções rasgados.</p>



<p>&#8211;</p>



<p><em>DRESS CODE</em></p>



<p>Smart casual.</p>



<p>The use of sportswear or beachwear, such as sleeveless shirts, caps, hoods, trousers or ripped shorts, is not permitted.</p>



<p><strong>Se pretender alterar algum detalhe da sua reserva, por favor contacte-nos</strong></p>



<p><strong><a href="tel:351968842888">+351 968 842 888</a></strong></p>



<p><em>If you would like to change any details of your reservation, please call</em></p>



<p><em><a href="tel:351968842888">+351 968 842 888</a></em></p>



<p>&#8211;</p>



<p>Obrigada</p>



<p><em>Thank You</em></p>



<p>Praia no Parque</p>



<div style="height:16px" aria-hidden="true" class="wp-block-spacer"></div>


</div>

<!-- This site is optimized with the Yoast SEO plugin v27.5 - https://yoast.com/product/yoast-seo-wordpress/ -->
<title>Parque Reservation confirmation - Grupo Praia</title>
<meta name="robots" content="index, follow, max-snippet:-1, max-image-preview:large, max-video-preview:-1" />
<link rel="canonical" href="https://apraia.pt/en/parque-reservation-confirmation/" />
<meta property="og:locale" content="en_US" />
<meta property="og:type" content="article" />
<meta property="og:title" content="Parque Reservation confirmation - Grupo Praia" />
<meta property="og:url" content="https://apraia.pt/en/parque-reservation-confirmation/" />
<meta property="og:site_name" content="Grupo Praia" />
<meta property="article:modified_time" content="2024-07-02T16:44:13+00:00" />
<meta name="twitter:card" content="summary_large_image" />
<meta name="twitter:label1" content="Est. reading time" />
	<meta name="twitter:data1" content="1 minute" />
<script type="application/ld+json" class="yoast-schema-graph">{"@context":"https:\/\/schema.org","@graph":[{"@type":"WebPage","@id":"https:\/\/apraia.pt\/en\/parque-reservation-confirmation\/","url":"https:\/\/apraia.pt\/en\/parque-reservation-confirmation\/","name":"Parque Reservation confirmation - Grupo Praia","isPartOf":{"@id":"https:\/\/apraia.pt\/en\/#website"},"datePublished":"2024-07-02T16:36:31+00:00","dateModified":"2024-07-02T16:44:13+00:00","breadcrumb":{"@id":"https:\/\/apraia.pt\/en\/parque-reservation-confirmation\/#breadcrumb"},"inLanguage":"en-US","potentialAction":[{"@type":"ReadAction","target":["https:\/\/apraia.pt\/en\/parque-reservation-confirmation\/"]}]},{"@type":"BreadcrumbList","@id":"https:\/\/apraia.pt\/en\/parque-reservation-confirmation\/#breadcrumb","itemListElement":[{"@type":"ListItem","position":1,"name":"Início","item":"https:\/\/apraia.pt\/en\/"},{"@type":"ListItem","position":2,"name":"Parque Reservation confirmation"}]},{"@type":"WebSite","@id":"https:\/\/apraia.pt\/en\/#website","url":"https:\/\/apraia.pt\/en\/","name":"Grupo Praia","description":"","publisher":{"@id":"https:\/\/apraia.pt\/en\/#organization"},"potentialAction":[{"@type":"SearchAction","target":{"@type":"EntryPoint","urlTemplate":"https:\/\/apraia.pt\/en\/?s={search_term_string}"},"query-input":{"@type":"PropertyValueSpecification","valueRequired":true,"valueName":"search_term_string"}}],"inLanguage":"en-US"},{"@type":"Organization","@id":"https:\/\/apraia.pt\/en\/#organization","name":"Grupo Praia","url":"https:\/\/apraia.pt\/en\/","logo":{"@type":"ImageObject","inLanguage":"en-US","@id":"https:\/\/apraia.pt\/en\/#\/schema\/logo\/image\/","url":"https:\/\/apraia.pt\/wp-content\/uploads\/2025\/02\/Frame-484.svg","contentUrl":"https:\/\/apraia.pt\/wp-content\/uploads\/2025\/02\/Frame-484.svg","width":202,"height":181,"caption":"Grupo Praia"},"image":{"@id":"https:\/\/apraia.pt\/en\/#\/schema\/logo\/image\/"},"sameAs":["https:\/\/www.instagram.com\/praianoparque\/"]}]}</script>
<!-- / Yoast SEO plugin. -->

Início
